{"id":388,"date":"2019-04-11T16:22:21","date_gmt":"2019-04-11T14:22:21","guid":{"rendered":"https:\/\/www.elcaminodekunig.com\/?page_id=388"},"modified":"2019-04-11T16:24:43","modified_gmt":"2019-04-11T14:24:43","slug":"links","status":"publish","type":"page","link":"https:\/\/www.elcaminodekunig.com\/de\/links\/","title":{"rendered":"Links"},"content":{"rendered":"<div class=\"fusion-fullwidth fullwidth-box fusion-builder-row-1 nonhundred-percent-fullwidth non-hundred-percent-height-scrolling\" style=\"--awb-border-radius-top-left:0px;--awb-border-radius-top-right:0px;--awb-border-radius-bottom-right:0px;--awb-border-radius-bottom-left:0px;--awb-flex-wrap:wrap;\" ><div class=\"fusion-builder-row fusion-row\"><div class=\"fusion-layout-column fusion_builder_column fusion-builder-column-0 fusion_builder_column_1_1 1_1 fusion-one-full fusion-column-first fusion-column-last\" style=\"--awb-bg-size:cover;\"><div class=\"fusion-column-wrapper fusion-flex-column-wrapper-legacy\"><div class=\"fusion-tabs fusion-tabs-1 classic nav-is-justified horizontal-tabs icon-position-left mobile-mode-accordion\" style=\"--awb-title-border-radius-top-left:0px;--awb-title-border-radius-top-right:0px;--awb-title-border-radius-bottom-right:0px;--awb-title-border-radius-bottom-left:0px;--awb-inactive-color:#ebeaea;--awb-background-color:#ffffff;--awb-border-color:#ebeaea;--awb-active-border-color:#c4121a;\"><div class=\"nav\"><ul class=\"nav-tabs nav-justified\" role=\"tablist\"><li class=\"active\" role=\"presentation\"><a class=\"tab-link\" data-toggle=\"tab\" role=\"tab\" aria-controls=\"tab-a222fbbe00603913b38\" aria-selected=\"true\" id=\"fusion-tab-interessantelinks\" href=\"#tab-a222fbbe00603913b38\"><h4 class=\"fusion-tab-heading\">Interessante Links<\/h4><\/a><\/li><\/ul><\/div><div class=\"tab-content\"><div class=\"nav fusion-mobile-tab-nav\"><ul class=\"nav-tabs nav-justified\" role=\"tablist\"><li class=\"active\" role=\"presentation\"><a class=\"tab-link\" data-toggle=\"tab\" role=\"tab\" aria-controls=\"tab-a222fbbe00603913b38\" aria-selected=\"true\" id=\"mobile-fusion-tab-interessantelinks\" href=\"#tab-a222fbbe00603913b38\"><h4 class=\"fusion-tab-heading\">Interessante Links<\/h4><\/a><\/li><\/ul><\/div><div class=\"tab-pane fade fusion-clearfix in active\" role=\"tabpanel\" tabindex=\"0\" aria-labelledby=\"fusion-tab-interessantelinks\" id=\"tab-a222fbbe00603913b38\">\n<div class=\"clink-links-shortcode\"><div class=\"clink-links-shortcode-header\"><h3><\/h3><\/div><div class=\"clink-links-list\"><ul><li class=\"clink-453\"><a href=\"https:\/\/www.elcaminodekunig.com\/de\/clink\/www-caminosantiago-org\/\">www.caminosantiago.org<\/a><\/li><li class=\"clink-456\"><a href=\"https:\/\/www.elcaminodekunig.com\/de\/clink\/spanische-foederation-der-freunde-des-camino-de-santiago\/\">Spanische F\u00f6deration der Freunde des Camino de Santiago<\/a><\/li><li class=\"clink-459\"><a href=\"https:\/\/www.elcaminodekunig.com\/de\/clink\/pilgeramt-der-erzdioezese-compostela\/\">Pilgeramt der Erzdi\u00f6zese Compostela<\/a><\/li><li class=\"clink-461\"><a href=\"https:\/\/www.elcaminodekunig.com\/de\/clink\/jacobea-bibliothek-und-zentrum-fuer-studien-und-dokumentation-des-camino-de-santiago\/\">Jacobea-Bibliothek und Zentrum f\u00fcr Studien und Dokumentation des Camino de Santiago<\/a><\/li><\/ul><\/div><\/div>\n<\/div><\/div><\/div><div class=\"fusion-clearfix\"><\/div><\/div><\/div><\/div><\/div>\n","protected":false},"excerpt":{"rendered":"","protected":false},"author":1,"featured_media":0,"parent":0,"menu_order":0,"comment_status":"closed","ping_status":"closed","template":"","meta":{"footnotes":""},"class_list":["post-388","page","type-page","status-publish","hentry"],"yoast_head":"<!-- This site is optimized with the Yoast SEO plugin v25.7 - https:\/\/yoast.com\/wordpress\/plugins\/seo\/ -->\n<title>Links - El camino de K\u00fcnig<\/title>\n<meta name=\"robots\" content=\"index, follow, max-snippet:-1, max-image-preview:large, max-video-preview:-1\" \/>\n<link rel=\"canonical\" href=\"https:\/\/www.elcaminodekunig.com\/de\/links\/\" \/>\n<meta property=\"og:locale\" content=\"de_DE\" \/>\n<meta property=\"og:type\" content=\"article\" \/>\n<meta property=\"og:title\" content=\"Links - El camino de K\u00fcnig\" \/>\n<meta property=\"og:url\" content=\"https:\/\/www.elcaminodekunig.com\/de\/links\/\" \/>\n<meta property=\"og:site_name\" content=\"El camino de K\u00fcnig\" \/>\n<meta property=\"article:modified_time\" content=\"2019-04-11T14:24:43+00:00\" \/>\n<meta name=\"twitter:card\" content=\"summary_large_image\" \/>\n<meta name=\"twitter:label1\" content=\"Gesch\u00e4tzte Lesezeit\" \/>\n\t<meta name=\"twitter:data1\" content=\"1\u00a0Minute\" \/>\n<script type=\"application\/ld+json\" class=\"yoast-schema-graph\">{\"@context\":\"https:\/\/schema.org\",\"@graph\":[{\"@type\":\"WebPage\",\"@id\":\"https:\/\/www.elcaminodekunig.com\/de\/links\/\",\"url\":\"https:\/\/www.elcaminodekunig.com\/de\/links\/\",\"name\":\"Links - El camino de K\u00fcnig\",\"isPartOf\":{\"@id\":\"https:\/\/www.elcaminodekunig.com\/#website\"},\"datePublished\":\"2019-04-11T14:22:21+00:00\",\"dateModified\":\"2019-04-11T14:24:43+00:00\",\"breadcrumb\":{\"@id\":\"https:\/\/www.elcaminodekunig.com\/de\/links\/#breadcrumb\"},\"inLanguage\":\"de\",\"potentialAction\":[{\"@type\":\"ReadAction\",\"target\":[\"https:\/\/www.elcaminodekunig.com\/de\/links\/\"]}]},{\"@type\":\"BreadcrumbList\",\"@id\":\"https:\/\/www.elcaminodekunig.com\/de\/links\/#breadcrumb\",\"itemListElement\":[{\"@type\":\"ListItem\",\"position\":1,\"name\":\"Portada\",\"item\":\"https:\/\/www.elcaminodekunig.com\/de\/\"},{\"@type\":\"ListItem\",\"position\":2,\"name\":\"Links\"}]},{\"@type\":\"WebSite\",\"@id\":\"https:\/\/www.elcaminodekunig.com\/#website\",\"url\":\"https:\/\/www.elcaminodekunig.com\/\",\"name\":\"El camino de K\u00fcnig\",\"description\":\"En el tramo final del siglo XV, un monje de nombre Hermann K\u00fcnig, perteneciente al convento que la orden de los Siervos de Mar\u00eda ten\u00eda en Vach (Vacha), en el actual estado alem\u00e1n de Turingia, decidi\u00f3 peregrinar al extremo noroccidental de Espa\u00f1a, para visitar la tumba del ap\u00f3stol Santiago.\",\"potentialAction\":[{\"@type\":\"SearchAction\",\"target\":{\"@type\":\"EntryPoint\",\"urlTemplate\":\"https:\/\/www.elcaminodekunig.com\/?s={search_term_string}\"},\"query-input\":{\"@type\":\"PropertyValueSpecification\",\"valueRequired\":true,\"valueName\":\"search_term_string\"}}],\"inLanguage\":\"de\"}]}<\/script>\n<!-- \/ Yoast SEO plugin. -->","yoast_head_json":{"title":"Links - El camino de K\u00fcnig","robots":{"index":"index","follow":"follow","max-snippet":"max-snippet:-1","max-image-preview":"max-image-preview:large","max-video-preview":"max-video-preview:-1"},"canonical":"https:\/\/www.elcaminodekunig.com\/de\/links\/","og_locale":"de_DE","og_type":"article","og_title":"Links - El camino de K\u00fcnig","og_url":"https:\/\/www.elcaminodekunig.com\/de\/links\/","og_site_name":"El camino de K\u00fcnig","article_modified_time":"2019-04-11T14:24:43+00:00","twitter_card":"summary_large_image","twitter_misc":{"Gesch\u00e4tzte Lesezeit":"1\u00a0Minute"},"schema":{"@context":"https:\/\/schema.org","@graph":[{"@type":"WebPage","@id":"https:\/\/www.elcaminodekunig.com\/de\/links\/","url":"https:\/\/www.elcaminodekunig.com\/de\/links\/","name":"Links - El camino de K\u00fcnig","isPartOf":{"@id":"https:\/\/www.elcaminodekunig.com\/#website"},"datePublished":"2019-04-11T14:22:21+00:00","dateModified":"2019-04-11T14:24:43+00:00","breadcrumb":{"@id":"https:\/\/www.elcaminodekunig.com\/de\/links\/#breadcrumb"},"inLanguage":"de","potentialAction":[{"@type":"ReadAction","target":["https:\/\/www.elcaminodekunig.com\/de\/links\/"]}]},{"@type":"BreadcrumbList","@id":"https:\/\/www.elcaminodekunig.com\/de\/links\/#breadcrumb","itemListElement":[{"@type":"ListItem","position":1,"name":"Portada","item":"https:\/\/www.elcaminodekunig.com\/de\/"},{"@type":"ListItem","position":2,"name":"Links"}]},{"@type":"WebSite","@id":"https:\/\/www.elcaminodekunig.com\/#website","url":"https:\/\/www.elcaminodekunig.com\/","name":"El camino de K\u00fcnig","description":"En el tramo final del siglo XV, un monje de nombre Hermann K\u00fcnig, perteneciente al convento que la orden de los Siervos de Mar\u00eda ten\u00eda en Vach (Vacha), en el actual estado alem\u00e1n de Turingia, decidi\u00f3 peregrinar al extremo noroccidental de Espa\u00f1a, para visitar la tumba del ap\u00f3stol Santiago.","potentialAction":[{"@type":"SearchAction","target":{"@type":"EntryPoint","urlTemplate":"https:\/\/www.elcaminodekunig.com\/?s={search_term_string}"},"query-input":{"@type":"PropertyValueSpecification","valueRequired":true,"valueName":"search_term_string"}}],"inLanguage":"de"}]}},"_links":{"self":[{"href":"https:\/\/www.elcaminodekunig.com\/de\/wp-json\/wp\/v2\/pages\/388","targetHints":{"allow":["GET"]}}],"collection":[{"href":"https:\/\/www.elcaminodekunig.com\/de\/wp-json\/wp\/v2\/pages"}],"about":[{"href":"https:\/\/www.elcaminodekunig.com\/de\/wp-json\/wp\/v2\/types\/page"}],"author":[{"embeddable":true,"href":"https:\/\/www.elcaminodekunig.com\/de\/wp-json\/wp\/v2\/users\/1"}],"replies":[{"embeddable":true,"href":"https:\/\/www.elcaminodekunig.com\/de\/wp-json\/wp\/v2\/comments?post=388"}],"version-history":[{"count":0,"href":"https:\/\/www.elcaminodekunig.com\/de\/wp-json\/wp\/v2\/pages\/388\/revisions"}],"wp:attachment":[{"href":"https:\/\/www.elcaminodekunig.com\/de\/wp-json\/wp\/v2\/media?parent=388"}],"curies":[{"name":"wp","href":"https:\/\/api.w.org\/{rel}","templated":true}]}}

<div class="fusion-fullwidth fullwidth-box fusion-builder-row-1 nonhundred-percent-fullwidth non-hundred-percent-height-scrolling" style="--awb-border-radius-top-left:0px;--awb-border-radius-top-right:0px;--awb-border-radius-bottom-right:0px;--awb-border-radius-bottom-left:0px;--awb-flex-wrap:wrap;" ><div class="fusion-builder-row fusion-row"><div class="fusion-layout-column fusion_builder_column fusion-builder-column-0 fusion_builder_column_1_1 1_1 fusion-one-full fusion-column-first fusion-column-last" style="--awb-bg-size:cover;"><div class="fusion-column-wrapper fusion-flex-column-wrapper-legacy"><div class="fusion-tabs fusion-tabs-1 classic nav-is-justified horizontal-tabs icon-position-left mobile-mode-accordion" style="--awb-title-border-radius-top-left:0px;--awb-title-border-radius-top-right:0px;--awb-title-border-radius-bottom-right:0px;--awb-title-border-radius-bottom-left:0px;--awb-inactive-color:#ebeaea;--awb-background-color:#ffffff;--awb-border-color:#ebeaea;--awb-active-border-color:#c4121a;"><div class="nav"><ul class="nav-tabs nav-justified" role="tablist"><li class="active" role="presentation"><a class="tab-link" data-toggle="tab" role="tab" aria-controls="tab-a222fbbe00603913b38" aria-selected="true" id="fusion-tab-interessantelinks" href="#tab-a222fbbe00603913b38"><h4 class="fusion-tab-heading">Interessante Links</h4></a></li></ul></div><div class="tab-content"><div class="nav fusion-mobile-tab-nav"><ul class="nav-tabs nav-justified" role="tablist"><li class="active" role="presentation"><a class="tab-link" data-toggle="tab" role="tab" aria-controls="tab-a222fbbe00603913b38" aria-selected="true" id="mobile-fusion-tab-interessantelinks" href="#tab-a222fbbe00603913b38"><h4 class="fusion-tab-heading">Interessante Links</h4></a></li></ul></div><div class="tab-pane fade fusion-clearfix in active" role="tabpanel" tabindex="0" aria-labelledby="fusion-tab-interessantelinks" id="tab-a222fbbe00603913b38">
<div class="clink-links-shortcode"><div class="clink-links-shortcode-header"><h3></h3></div><div class="clink-links-list"><ul><li class="clink-453"><a href="https://www.elcaminodekunig.com/de/clink/www-caminosantiago-org/">www.caminosantiago.org</a></li><li class="clink-456"><a href="https://www.elcaminodekunig.com/de/clink/spanische-foederation-der-freunde-des-camino-de-santiago/">Spanische Föderation der Freunde des Camino de Santiago</a></li><li class="clink-459"><a href="https://www.elcaminodekunig.com/de/clink/pilgeramt-der-erzdioezese-compostela/">Pilgeramt der Erzdiözese Compostela</a></li><li class="clink-461"><a href="https://www.elcaminodekunig.com/de/clink/jacobea-bibliothek-und-zentrum-fuer-studien-und-dokumentation-des-camino-de-santiago/">Jacobea-Bibliothek und Zentrum für Studien und Dokumentation des Camino de Santiago</a></li></ul></div></div>
</div></div></div><div class="fusion-clearfix"></div></div></div></div></div>

<!-- This site is optimized with the Yoast SEO plugin v25.7 - https://yoast.com/wordpress/plugins/seo/ -->
<title>Links - El camino de Künig</title>
<meta name="robots" content="index, follow, max-snippet:-1, max-image-preview:large, max-video-preview:-1" />
<link rel="canonical" href="https://www.elcaminodekunig.com/de/links/" />
<meta property="og:locale" content="de_DE" />
<meta property="og:type" content="article" />
<meta property="og:title" content="Links - El camino de Künig" />
<meta property="og:url" content="https://www.elcaminodekunig.com/de/links/" />
<meta property="og:site_name" content="El camino de Künig" />
<meta property="article:modified_time" content="2019-04-11T14:24:43+00:00" />
<meta name="twitter:card" content="summary_large_image" />
<meta name="twitter:label1" content="Geschätzte Lesezeit" />
	<meta name="twitter:data1" content="1 Minute" />
<script type="application/ld+json" class="yoast-schema-graph">{"@context":"https://schema.org","@graph":[{"@type":"WebPage","@id":"https://www.elcaminodekunig.com/de/links/","url":"https://www.elcaminodekunig.com/de/links/","name":"Links - El camino de Künig","isPartOf":{"@id":"https://www.elcaminodekunig.com/#website"},"datePublished":"2019-04-11T14:22:21+00:00","dateModified":"2019-04-11T14:24:43+00:00","breadcrumb":{"@id":"https://www.elcaminodekunig.com/de/links/#breadcrumb"},"inLanguage":"de","potentialAction":[{"@type":"ReadAction","target":["https://www.elcaminodekunig.com/de/links/"]}]},{"@type":"BreadcrumbList","@id":"https://www.elcaminodekunig.com/de/links/#breadcrumb","itemListElement":[{"@type":"ListItem","position":1,"name":"Portada","item":"https://www.elcaminodekunig.com/de/"},{"@type":"ListItem","position":2,"name":"Links"}]},{"@type":"WebSite","@id":"https://www.elcaminodekunig.com/#website","url":"https://www.elcaminodekunig.com/","name":"El camino de Künig","description":"En el tramo final del siglo XV, un monje de nombre Hermann Künig, perteneciente al convento que la orden de los Siervos de María tenía en Vach (Vacha), en el actual estado alemán de Turingia, decidió peregrinar al extremo noroccidental de España, para visitar la tumba del apóstol Santiago.","potentialAction":[{"@type":"SearchAction","target":{"@type":"EntryPoint","urlTemplate":"https://www.elcaminodekunig.com/?s={search_term_string}"},"query-input":{"@type":"PropertyValueSpecification","valueRequired":true,"valueName":"search_term_string"}}],"inLanguage":"de"}]}</script>
<!-- / Yoast SEO plugin. -->

Links - El camino de Künig

El camino de Künig

En el tramo final del siglo XV, un monje de nombre Hermann Künig, perteneciente al convento que la orden de los Siervos de María tenía en Vach (Vacha), en el actual estado alemán de Turingia, decidió peregrinar al extremo noroccidental de España, para visitar la tumba del apóstol Santiago.
